Last updated on 2025-05-23 04:51:22 CEST.
Flavor | Version | Tinstall | Tcheck | Ttotal | Status | Flags |
---|---|---|---|---|---|---|
r-devel-linux-x86_64-debian-clang | 0.1.1 | 230.25 | 77.68 | 307.93 | OK | |
r-devel-linux-x86_64-debian-gcc | 0.1.1 | 167.67 | 65.53 | 233.20 | OK | |
r-devel-linux-x86_64-fedora-clang | 0.1.1 | 538.82 | OK | |||
r-devel-linux-x86_64-fedora-gcc | 0.1.1 | 620.61 | OK | |||
r-devel-windows-x86_64 | 0.1.1 | 213.00 | 232.00 | 445.00 | OK | |
r-patched-linux-x86_64 | 0.1.1 | 231.05 | 89.22 | 320.27 | OK | |
r-release-linux-x86_64 | 0.1.1 | 232.63 | 89.31 | 321.94 | OK | |
r-release-macos-arm64 | 0.1.1 | 132.00 | OK | |||
r-release-macos-x86_64 | 0.1.1 | 158.00 | OK | |||
r-release-windows-x86_64 | 0.1.1 | 217.00 | 203.00 | 420.00 | OK | |
r-oldrel-macos-arm64 | 0.1.1 | 114.00 | NOTE | |||
r-oldrel-macos-x86_64 | 0.1.1 | 264.00 | NOTE | |||
r-oldrel-windows-x86_64 | 0.1.1 | 204.00 | 195.00 | 399.00 | OK |
Version: 0.1.1
Check: installed package size
Result: NOTE
installed size is 34.5Mb
sub-directories of 1Mb or more:
libs 33.5Mb
Flavors: r-oldrel-macos-arm64, r-oldrel-macos-x86_64