Last updated on 2025-05-23 04:51:22 CEST.
Flavor | Version | Tinstall | Tcheck | Ttotal | Status | Flags |
---|---|---|---|---|---|---|
r-devel-linux-x86_64-debian-clang | 2.0-8 | 28.97 | 157.97 | 186.94 | NOTE | |
r-devel-linux-x86_64-debian-gcc | 2.0-8 | 22.31 | 121.25 | 143.56 | NOTE | |
r-devel-linux-x86_64-fedora-clang | 2.0-8 | 310.82 | OK | |||
r-devel-linux-x86_64-fedora-gcc | 2.0-8 | 314.78 | OK | |||
r-devel-windows-x86_64 | 2.0-8 | 32.00 | 150.00 | 182.00 | OK | |
r-patched-linux-x86_64 | 2.0-8 | 27.48 | 149.77 | 177.25 | OK | |
r-release-linux-x86_64 | 2.0-8 | 24.75 | 152.49 | 177.24 | OK | |
r-release-macos-arm64 | 2.0-8 | 138.00 | OK | |||
r-release-macos-x86_64 | 2.0-8 | 156.00 | OK | |||
r-release-windows-x86_64 | 2.0-8 | 36.00 | 147.00 | 183.00 | OK | |
r-oldrel-macos-arm64 | 2.0-8 | 291.00 | OK | |||
r-oldrel-macos-x86_64 | 2.0-8 | 230.00 | OK | |||
r-oldrel-windows-x86_64 | 2.0-8 | 41.00 | 173.00 | 214.00 | OK |
Version: 2.0-8
Check: CRAN incoming feasibility
Result: NOTE
Maintainer: ‘Edith Gabriel <edith.gabriel@inrae.fr>’
The BugReports field in DESCRIPTION has
https://github.com/stpp-GitHub-community
which should likely be
https://github.com/stpp-GitHub-community/issues
instead.
Flavors: r-devel-linux-x86_64-debian-clang, r-devel-linux-x86_64-debian-gcc