Last updated on 2025-07-17 04:54:55 CEST.
Flavor | Version | Tinstall | Tcheck | Ttotal | Status | Flags |
---|---|---|---|---|---|---|
r-devel-linux-x86_64-debian-clang | 0.2.2 | 278.54 | 30.68 | 309.22 | OK | |
r-devel-linux-x86_64-debian-gcc | 0.2.2 | 198.59 | 23.30 | 221.89 | OK | |
r-devel-linux-x86_64-fedora-clang | 0.2.2 | 632.50 | OK | |||
r-devel-linux-x86_64-fedora-gcc | 0.2.2 | 523.44 | OK | |||
r-devel-windows-x86_64 | 0.2.2 | 295.00 | 75.00 | 370.00 | OK | |
r-patched-linux-x86_64 | 0.2.2 | 278.81 | 28.49 | 307.30 | OK | |
r-release-linux-x86_64 | 0.2.2 | 279.79 | 28.39 | 308.18 | OK | |
r-release-macos-arm64 | 0.2.2 | 119.00 | OK | |||
r-release-macos-x86_64 | 0.2.2 | 117.00 | OK | |||
r-release-windows-x86_64 | 0.2.2 | 301.00 | 77.00 | 378.00 | OK | |
r-oldrel-macos-arm64 | 0.2.2 | 105.00 | NOTE | |||
r-oldrel-macos-x86_64 | 0.2.2 | 97.00 | NOTE | |||
r-oldrel-windows-x86_64 | 0.2.2 | 349.00 | 88.00 | 437.00 | OK |
Version: 0.2.2
Check: installed package size
Result: NOTE
installed size is 10.9Mb
sub-directories of 1Mb or more:
libs 10.8Mb
Flavors: r-oldrel-macos-arm64, r-oldrel-macos-x86_64