CRAN Package Check Results for Package summariser

Last updated on 2025-05-23 04:51:22 CEST.

Flavor Version Tinstall Tcheck Ttotal Status Flags
r-devel-linux-x86_64-debian-clang 2.3.0 1.47 19.86 21.33 OK
r-devel-linux-x86_64-debian-gcc 2.3.0 1.40 16.14 17.54 OK
r-devel-linux-x86_64-fedora-clang 2.3.0 34.76 OK
r-devel-linux-x86_64-fedora-gcc 2.3.0 31.78 OK
r-devel-windows-x86_64 2.3.0 4.00 70.00 74.00 OK
r-patched-linux-x86_64 2.3.0 1.61 19.15 20.76 OK
r-release-linux-x86_64 2.3.0 1.73 19.01 20.74 OK
r-release-macos-arm64 2.3.0 16.00 OK
r-release-macos-x86_64 2.3.0 23.00 OK
r-release-windows-x86_64 2.3.0 4.00 62.00 66.00 OK
r-oldrel-macos-arm64 2.3.0 15.00 NOTE
r-oldrel-macos-x86_64 2.3.0 22.00 NOTE
r-oldrel-windows-x86_64 2.3.0 3.00 46.00 49.00 NOTE

Check Details

Version: 2.3.0
Check: LazyData
Result: NOTE 'LazyData' is specified without a 'data' directory Flavors: r-oldrel-macos-arm64, r-oldrel-macos-x86_64, r-oldrel-windows-x86_64