Last updated on 2025-07-19 04:49:39 CEST.
Flavor | Version | Tinstall | Tcheck | Ttotal | Status | Flags |
---|---|---|---|---|---|---|
r-devel-linux-x86_64-debian-clang | 0.5.7 | 42.45 | 68.31 | 110.76 | NOTE | |
r-devel-linux-x86_64-debian-gcc | 0.5.7 | 32.57 | 51.90 | 84.47 | NOTE | |
r-devel-linux-x86_64-fedora-clang | 0.5.7 | 173.78 | OK | |||
r-devel-linux-x86_64-fedora-gcc | 0.5.7 | 190.45 | OK | |||
r-devel-windows-x86_64 | 0.5.7 | 49.00 | 106.00 | 155.00 | NOTE | |
r-patched-linux-x86_64 | 0.5.7 | 45.27 | 62.52 | 107.79 | NOTE | |
r-release-linux-x86_64 | 0.5.7 | 42.87 | 61.82 | 104.69 | NOTE | |
r-release-macos-arm64 | 0.5.7 | 63.00 | OK | |||
r-release-macos-x86_64 | 0.5.7 | 112.00 | OK | |||
r-release-windows-x86_64 | 0.5.7 | 46.00 | 106.00 | 152.00 | NOTE | |
r-oldrel-macos-arm64 | 0.5.7 | 54.00 | OK | |||
r-oldrel-macos-x86_64 | 0.5.7 | 89.00 | OK | |||
r-oldrel-windows-x86_64 | 0.5.7 | 60.00 | 133.00 | 193.00 | OK |
Version: 0.5.7
Check: Rd cross-references
Result: NOTE
Found the following Rd file(s) with Rd \link{} targets missing package
anchors:
KNNTrainer.Rd: R6Class
LabelEncoder.Rd: R6Class
Please provide package anchors for all Rd \link{} targets not in the
package itself and the base packages.
Flavors: r-devel-linux-x86_64-debian-clang, r-devel-linux-x86_64-debian-gcc, r-devel-windows-x86_64, r-patched-linux-x86_64, r-release-linux-x86_64, r-release-windows-x86_64