Last updated on 2025-07-17 04:54:55 CEST.
Flavor | Version | Tinstall | Tcheck | Ttotal | Status | Flags |
---|---|---|---|---|---|---|
r-devel-linux-x86_64-debian-clang | 0.1.0-1 | 26.48 | 230.80 | 257.28 | OK | |
r-devel-linux-x86_64-debian-gcc | 0.1.0-1 | 17.38 | 146.46 | 163.84 | OK | |
r-devel-linux-x86_64-fedora-clang | 0.1.0-1 | 443.87 | NOTE | |||
r-devel-linux-x86_64-fedora-gcc | 0.1.0-1 | 424.17 | NOTE | |||
r-devel-windows-x86_64 | 0.1.0-1 | 30.00 | 300.00 | 330.00 | OK | |
r-patched-linux-x86_64 | 0.1.0-1 | 22.88 | 217.67 | 240.55 | OK | |
r-release-linux-x86_64 | 0.1.0-1 | 23.78 | 212.04 | 235.82 | OK | |
r-release-macos-arm64 | 0.1.0-1 | 152.00 | OK | |||
r-release-macos-x86_64 | 0.1.0-1 | 265.00 | OK | |||
r-release-windows-x86_64 | 0.1.0-1 | 30.00 | 295.00 | 325.00 | OK | |
r-oldrel-macos-arm64 | 0.1.0-1 | 106.00 | OK | |||
r-oldrel-macos-x86_64 | 0.1.0-1 | 201.00 | OK | |||
r-oldrel-windows-x86_64 | 0.1.0-1 | 35.00 | 395.00 | 430.00 | OK |
Version: 0.1.0-1
Check: dependencies in R code
Result: NOTE
Namespaces in Imports field not imported from:
‘doParallel’ ‘pROC’
All declared Imports should be used.
Flavors: r-devel-linux-x86_64-fedora-clang, r-devel-linux-x86_64-fedora-gcc