Last updated on 2025-05-23 04:51:22 CEST.
Flavor | Version | Tinstall | Tcheck | Ttotal | Status | Flags |
---|---|---|---|---|---|---|
r-devel-linux-x86_64-debian-clang | 1.1.1 | 102.12 | 152.02 | 254.14 | OK | |
r-devel-linux-x86_64-debian-gcc | 1.1.1 | 72.02 | 103.87 | 175.89 | OK | |
r-devel-linux-x86_64-fedora-clang | 1.1.1 | 425.82 | OK | |||
r-devel-linux-x86_64-fedora-gcc | 1.1.1 | 407.75 | OK | |||
r-devel-windows-x86_64 | 1.1.1 | 135.00 | 170.00 | 305.00 | OK | |
r-patched-linux-x86_64 | 1.1.1 | 102.40 | 144.42 | 246.82 | OK | |
r-release-linux-x86_64 | 1.1.1 | 99.08 | 142.80 | 241.88 | OK | |
r-release-macos-arm64 | 1.1.1 | 78.00 | OK | |||
r-release-macos-x86_64 | 1.1.1 | 141.00 | OK | |||
r-release-windows-x86_64 | 1.1.1 | 136.00 | 177.00 | 313.00 | OK | |
r-oldrel-macos-arm64 | 1.1.1 | 108.00 | NOTE | |||
r-oldrel-macos-x86_64 | 1.1.1 | 177.00 | NOTE | |||
r-oldrel-windows-x86_64 | 1.1.1 | 155.00 | 224.00 | 379.00 | NOTE |
Version: 1.1.1
Check: package dependencies
Result: NOTE
Package suggested but not available for checking: ‘gurobi’
Flavors: r-oldrel-macos-arm64, r-oldrel-macos-x86_64, r-oldrel-windows-x86_64
Version: 1.1.1
Check: installed package size
Result: NOTE
installed size is 9.8Mb
sub-directories of 1Mb or more:
libs 8.9Mb
Flavors: r-oldrel-macos-arm64, r-oldrel-macos-x86_64