Last updated on 2025-05-23 04:51:22 CEST.
Flavor | Version | Tinstall | Tcheck | Ttotal | Status | Flags |
---|---|---|---|---|---|---|
r-devel-linux-x86_64-debian-clang | 3.1.1 | 11.28 | 170.91 | 182.19 | NOTE | |
r-devel-linux-x86_64-debian-gcc | 3.1.1 | 7.82 | 121.90 | 129.72 | NOTE | |
r-devel-linux-x86_64-fedora-clang | 3.1.1 | 274.98 | NOTE | |||
r-devel-linux-x86_64-fedora-gcc | 3.1.1 | 288.51 | NOTE | |||
r-devel-windows-x86_64 | 3.1.1 | 13.00 | 188.00 | 201.00 | NOTE | |
r-patched-linux-x86_64 | 3.1.1 | 10.27 | 156.94 | 167.21 | NOTE | |
r-release-linux-x86_64 | 3.1.1 | 10.65 | 158.96 | 169.61 | NOTE | |
r-release-macos-arm64 | 3.1.1 | 94.00 | NOTE | |||
r-release-macos-x86_64 | 3.1.1 | 200.00 | NOTE | |||
r-release-windows-x86_64 | 3.1.1 | 12.00 | 185.00 | 197.00 | NOTE | |
r-oldrel-macos-arm64 | 3.1.1 | 102.00 | OK | |||
r-oldrel-macos-x86_64 | 3.1.1 | 266.00 | OK | |||
r-oldrel-windows-x86_64 | 3.1.1 | 16.00 | 230.00 | 246.00 | OK |
Version: 3.1.1
Check: DESCRIPTION meta-information
Result: NOTE
Missing dependency on R >= 4.1.0 because package code uses the pipe
|> or function shorthand \(...) syntax added in R 4.1.0.
File(s) using such syntax:
‘censor_event.Rd’ ‘survival_class.R’
Flavors: r-devel-linux-x86_64-debian-clang, r-devel-linux-x86_64-debian-gcc, r-devel-linux-x86_64-fedora-clang, r-devel-linux-x86_64-fedora-gcc, r-devel-windows-x86_64, r-patched-linux-x86_64, r-release-linux-x86_64, r-release-macos-arm64, r-release-windows-x86_64
Version: 3.1.1
Check: DESCRIPTION meta-information
Result: NOTE
Missing dependency on R >= 4.1.0 because package code uses the pipe
|> or function shorthand \(...) syntax added in R 4.1.0.
File(s) using such syntax:
‘survival_class.R’
Flavor: r-release-macos-x86_64