CRAN Package Check Results for Package swamp

Last updated on 2025-07-19 04:49:39 CEST.

Flavor Version Tinstall Tcheck Ttotal Status Flags
r-devel-linux-x86_64-debian-clang 1.5.1 3.22 40.64 43.86 NOTE
r-devel-linux-x86_64-debian-gcc 1.5.1 2.47 28.48 30.95 NOTE
r-devel-linux-x86_64-fedora-clang 1.5.1 65.99 OK
r-devel-linux-x86_64-fedora-gcc 1.5.1 63.54 OK
r-devel-windows-x86_64 1.5.1 4.00 63.00 67.00 OK
r-patched-linux-x86_64 1.5.1 3.36 38.56 41.92 OK
r-release-linux-x86_64 1.5.1 3.15 38.17 41.32 OK
r-release-macos-arm64 1.5.1 23.00 OK
r-release-macos-x86_64 1.5.1 40.00 OK
r-release-windows-x86_64 1.5.1 4.00 62.00 66.00 OK
r-oldrel-macos-arm64 1.5.1 24.00 OK
r-oldrel-macos-x86_64 1.5.1 39.00 OK
r-oldrel-windows-x86_64 1.5.1 6.00 73.00 79.00 OK

Check Details

Version: 1.5.1
Check: CRAN incoming feasibility
Result: NOTE Maintainer: ‘Martin Lauss <martin.lauss@med.lu.se>’ No Authors@R field in DESCRIPTION. Please add one, modifying Authors@R: person(given = "Martin", family = "Lauss", role = c("aut", "cre"), email = "martin.lauss@med.lu.se") as necessary. Flavors: r-devel-linux-x86_64-debian-clang, r-devel-linux-x86_64-debian-gcc