CRAN Package Check Results for Package switchboard

Last updated on 2025-05-23 04:51:22 CEST.

Flavor Version Tinstall Tcheck Ttotal Status Flags
r-devel-linux-x86_64-debian-clang 0.1 5.44 42.49 47.93 NOTE
r-devel-linux-x86_64-debian-gcc 0.1 3.92 32.16 36.08 NOTE
r-devel-linux-x86_64-fedora-clang 0.1 78.93 NOTE
r-devel-linux-x86_64-fedora-gcc 0.1 89.85 NOTE
r-devel-windows-x86_64 0.1 9.00 172.00 181.00 NOTE
r-patched-linux-x86_64 0.1 6.90 41.40 48.30 NOTE
r-release-linux-x86_64 0.1 5.41 40.73 46.14 NOTE
r-release-macos-arm64 0.1 48.00 NOTE
r-release-macos-x86_64 0.1 60.00 NOTE
r-release-windows-x86_64 0.1 6.00 151.00 157.00 NOTE
r-oldrel-macos-arm64 0.1 35.00 NOTE
r-oldrel-macos-x86_64 0.1 56.00 NOTE
r-oldrel-windows-x86_64 0.1 8.00 82.00 90.00 NOTE

Check Details

Version: 0.1
Check: package subdirectories
Result: NOTE Problems with news in ‘NEWS.md’: Cannot extract version info from the following section titles: pre-release switchboard (2020 - 2021) Flavors: r-devel-linux-x86_64-debian-clang, r-devel-linux-x86_64-debian-gcc, r-devel-linux-x86_64-fedora-clang, r-devel-linux-x86_64-fedora-gcc, r-devel-windows-x86_64, r-patched-linux-x86_64, r-release-linux-x86_64, r-release-macos-arm64, r-release-macos-x86_64, r-release-windows-x86_64, r-oldrel-macos-arm64, r-oldrel-macos-x86_64, r-oldrel-windows-x86_64