Last updated on 2025-05-23 04:51:22 CEST.
Flavor | Version | Tinstall | Tcheck | Ttotal | Status | Flags |
---|---|---|---|---|---|---|
r-devel-linux-x86_64-debian-clang | 1.1.0 | 90.97 | 116.48 | 207.45 | OK | |
r-devel-linux-x86_64-debian-gcc | 1.1.0 | 71.17 | 79.05 | 150.22 | OK | |
r-devel-linux-x86_64-fedora-clang | 1.1.0 | 345.98 | OK | |||
r-devel-linux-x86_64-fedora-gcc | 1.1.0 | 386.64 | OK | |||
r-devel-windows-x86_64 | 1.1.0 | 102.00 | 213.00 | 315.00 | OK | |
r-patched-linux-x86_64 | 1.1.0 | 102.77 | 106.47 | 209.24 | OK | |
r-release-linux-x86_64 | 1.1.0 | 92.18 | 105.51 | 197.69 | OK | |
r-release-macos-arm64 | 1.1.0 | 97.00 | OK | |||
r-release-macos-x86_64 | 1.1.0 | 204.00 | OK | |||
r-release-windows-x86_64 | 1.1.0 | 99.00 | 197.00 | 296.00 | OK | |
r-oldrel-macos-arm64 | 1.1.0 | 89.00 | NOTE | |||
r-oldrel-macos-x86_64 | 1.1.0 | 245.00 | NOTE | |||
r-oldrel-windows-x86_64 | 1.1.0 | 117.00 | 191.00 | 308.00 | OK |
Version: 1.1.0
Check: installed package size
Result: NOTE
installed size is 25.0Mb
sub-directories of 1Mb or more:
libs 24.3Mb
Flavors: r-oldrel-macos-arm64, r-oldrel-macos-x86_64