Last updated on 2025-07-19 04:49:39 CEST.
Flavor | Version | Tinstall | Tcheck | Ttotal | Status | Flags |
---|---|---|---|---|---|---|
r-devel-linux-x86_64-debian-clang | 1.0.1 | 15.11 | 95.66 | 110.77 | NOTE | |
r-devel-linux-x86_64-debian-gcc | 1.0.1 | 10.06 | 69.67 | 79.73 | NOTE | |
r-devel-linux-x86_64-fedora-clang | 1.0.1 | 163.38 | OK | |||
r-devel-linux-x86_64-fedora-gcc | 1.0.1 | 168.06 | OK | |||
r-devel-windows-x86_64 | 1.0.1 | 17.00 | 116.00 | 133.00 | OK | |
r-patched-linux-x86_64 | 1.0.1 | 13.97 | 91.10 | 105.07 | OK | |
r-release-linux-x86_64 | 1.0.1 | 12.14 | 92.20 | 104.34 | OK | |
r-release-macos-arm64 | 1.0.1 | 61.00 | OK | |||
r-release-macos-x86_64 | 1.0.1 | 132.00 | OK | |||
r-release-windows-x86_64 | 1.0.1 | 17.00 | 107.00 | 124.00 | OK | |
r-oldrel-macos-arm64 | 1.0.1 | 54.00 | OK | |||
r-oldrel-macos-x86_64 | 1.0.1 | 97.00 | OK | |||
r-oldrel-windows-x86_64 | 1.0.1 | 21.00 | 139.00 | 160.00 | OK |
Version: 1.0.1
Check: CRAN incoming feasibility
Result: NOTE
Maintainer: ‘Anna Kiriliouk <anna.kiriliouk@unamur.be>’
No Authors@R field in DESCRIPTION.
Please add one, modifying
Authors@R: person(given = "Anna",
family = "Kiriliouk",
role = c("aut", "cre"),
email = "anna.kiriliouk@unamur.be")
as necessary.
Flavors: r-devel-linux-x86_64-debian-clang, r-devel-linux-x86_64-debian-gcc