CRAN Package Check Results for Package tdigest

Last updated on 2025-05-23 04:51:22 CEST.

Flavor Version Tinstall Tcheck Ttotal Status Flags
r-devel-linux-x86_64-debian-clang 0.4.2 2.92 20.52 23.44 NOTE
r-devel-linux-x86_64-debian-gcc 0.4.2 2.38 17.09 19.47 NOTE
r-devel-linux-x86_64-fedora-clang 0.4.2 36.83 NOTE
r-devel-linux-x86_64-fedora-gcc 0.4.2 34.84 NOTE
r-devel-windows-x86_64 0.4.2 6.00 94.00 100.00 NOTE
r-patched-linux-x86_64 0.4.2 2.91 19.64 22.55 NOTE
r-release-linux-x86_64 0.4.2 2.72 19.97 22.69 NOTE
r-release-macos-arm64 0.4.2 19.00 NOTE
r-release-macos-x86_64 0.4.2 28.00 NOTE
r-release-windows-x86_64 0.4.2 6.00 87.00 93.00 NOTE
r-oldrel-macos-arm64 0.4.2 18.00 OK
r-oldrel-macos-x86_64 0.4.2 39.00 OK
r-oldrel-windows-x86_64 0.4.2 7.00 50.00 57.00 OK

Check Details

Version: 0.4.2
Check: compiled code
Result: NOTE File ‘tdigest/libs/tdigest.so’: Found non-API call to R: ‘DATAPTR’ Compiled code should not call non-API entry points in R. See ‘Writing portable packages’ in the ‘Writing R Extensions’ manual, and section ‘Moving into C API compliance’ for issues with the use of non-API entry points. Flavors: r-devel-linux-x86_64-debian-clang, r-devel-linux-x86_64-debian-gcc, r-devel-linux-x86_64-fedora-clang, r-devel-linux-x86_64-fedora-gcc, r-patched-linux-x86_64, r-release-linux-x86_64, r-release-macos-arm64, r-release-macos-x86_64

Version: 0.4.2
Check: compiled code
Result: NOTE File 'tdigest/libs/x64/tdigest.dll': Found non-API call to R: 'DATAPTR' Compiled code should not call non-API entry points in R. See 'Writing portable packages' in the 'Writing R Extensions' manual, and section 'Moving into C API compliance' for issues with the use of non-API entry points. Flavors: r-devel-windows-x86_64, r-release-windows-x86_64