CRAN Package Check Results for Package tfdatasets

Last updated on 2025-07-17 04:54:55 CEST.

Flavor Version Tinstall Tcheck Ttotal Status Flags
r-devel-linux-x86_64-debian-clang 2.17.0 18.50 94.16 112.66 NOTE
r-devel-linux-x86_64-debian-gcc 2.17.0 12.10 69.58 81.68 NOTE
r-devel-linux-x86_64-fedora-clang 2.17.0 174.58 NOTE
r-devel-linux-x86_64-fedora-gcc 2.17.0 177.81 NOTE
r-devel-windows-x86_64 2.17.0 20.00 117.00 137.00 OK
r-patched-linux-x86_64 2.17.0 22.16 90.33 112.49 NOTE
r-release-linux-x86_64 2.17.0 20.93 90.06 110.99 NOTE
r-release-macos-arm64 2.17.0 61.00 OK
r-release-macos-x86_64 2.17.0 104.00 OK
r-release-windows-x86_64 2.17.0 23.00 118.00 141.00 OK
r-oldrel-macos-arm64 2.17.0 55.00 OK
r-oldrel-macos-x86_64 2.17.0 141.00 OK
r-oldrel-windows-x86_64 2.17.0 27.00 144.00 171.00 OK

Check Details

Version: 2.17.0
Check: Rd cross-references
Result: NOTE Unknown package ‘tfestimators’ in Rd xrefs Flavors: r-devel-linux-x86_64-debian-clang, r-devel-linux-x86_64-debian-gcc, r-devel-linux-x86_64-fedora-clang, r-devel-linux-x86_64-fedora-gcc, r-patched-linux-x86_64, r-release-linux-x86_64