CRAN Package Check Results for Package thorn

Last updated on 2025-05-23 04:51:22 CEST.

Flavor Version Tinstall Tcheck Ttotal Status Flags
r-devel-linux-x86_64-debian-clang 0.2.0 2.29 23.10 25.39 OK
r-devel-linux-x86_64-debian-gcc 0.2.0 1.74 19.25 20.99 OK
r-devel-linux-x86_64-fedora-clang 0.2.0 40.20 OK
r-devel-linux-x86_64-fedora-gcc 0.2.0 37.49 OK
r-devel-windows-x86_64 0.2.0 6.00 81.00 87.00 OK
r-patched-linux-x86_64 0.2.0 2.27 21.98 24.25 OK
r-release-linux-x86_64 0.2.0 2.33 21.82 24.15 OK
r-release-macos-arm64 0.2.0 37.00 OK
r-release-macos-x86_64 0.2.0 26.00 OK
r-release-windows-x86_64 0.2.0 5.00 85.00 90.00 OK
r-oldrel-macos-arm64 0.2.0 18.00 NOTE
r-oldrel-macos-x86_64 0.2.0 25.00 NOTE
r-oldrel-windows-x86_64 0.2.0 5.00 48.00 53.00 NOTE

Check Details

Version: 0.2.0
Check: LazyData
Result: NOTE 'LazyData' is specified without a 'data' directory Flavors: r-oldrel-macos-arm64, r-oldrel-macos-x86_64, r-oldrel-windows-x86_64