Last updated on 2025-05-23 04:51:23 CEST.
Flavor | Version | Tinstall | Tcheck | Ttotal | Status | Flags |
---|---|---|---|---|---|---|
r-devel-linux-x86_64-debian-clang | 1.0.14 | 8.17 | 71.80 | 79.97 | NOTE | |
r-devel-linux-x86_64-debian-gcc | 1.0.14 | 5.61 | 51.29 | 56.90 | NOTE | |
r-devel-linux-x86_64-fedora-clang | 1.0.14 | 129.28 | NOTE | |||
r-devel-linux-x86_64-fedora-gcc | 1.0.14 | 134.39 | NOTE | |||
r-devel-windows-x86_64 | 1.0.14 | 10.00 | 81.00 | 91.00 | NOTE | |
r-patched-linux-x86_64 | 1.0.14 | 8.59 | 67.12 | 75.71 | NOTE | |
r-release-linux-x86_64 | 1.0.14 | 8.64 | 66.80 | 75.44 | NOTE | |
r-release-macos-arm64 | 1.0.14 | 42.00 | NOTE | |||
r-release-macos-x86_64 | 1.0.14 | 73.00 | NOTE | |||
r-release-windows-x86_64 | 1.0.14 | 9.00 | 86.00 | 95.00 | NOTE | |
r-oldrel-macos-arm64 | 1.0.14 | 42.00 | OK | |||
r-oldrel-macos-x86_64 | 1.0.14 | 73.00 | OK | |||
r-oldrel-windows-x86_64 | 1.0.14 | 12.00 | 102.00 | 114.00 | OK |
Version: 1.0.14
Check: DESCRIPTION meta-information
Result: NOTE
Missing dependency on R >= 4.1.0 because package code uses the pipe
|> or function shorthand \(...) syntax added in R 4.1.0.
File(s) using such syntax:
‘functions_chr_int.R’ ‘gate.Rd’ ‘gate_app.R’ ‘methods.R’
Flavors: r-devel-linux-x86_64-debian-clang, r-devel-linux-x86_64-debian-gcc, r-devel-linux-x86_64-fedora-clang, r-devel-linux-x86_64-fedora-gcc, r-devel-windows-x86_64, r-patched-linux-x86_64, r-release-linux-x86_64, r-release-macos-arm64, r-release-windows-x86_64
Version: 1.0.14
Check: DESCRIPTION meta-information
Result: NOTE
Missing dependency on R >= 4.1.0 because package code uses the pipe
|> or function shorthand \(...) syntax added in R 4.1.0.
File(s) using such syntax:
‘functions_chr_int.R’ ‘gate_app.R’ ‘methods.R’
Flavor: r-release-macos-x86_64