Last updated on 2025-07-19 04:49:40 CEST.
Flavor | Version | Tinstall | Tcheck | Ttotal | Status | Flags |
---|---|---|---|---|---|---|
r-devel-linux-x86_64-debian-clang | 1.0.0 | 7.11 | 88.02 | 95.13 | NOTE | |
r-devel-linux-x86_64-debian-gcc | 1.0.0 | 5.24 | 65.26 | 70.50 | NOTE | |
r-devel-linux-x86_64-fedora-clang | 1.0.0 | 144.27 | NOTE | |||
r-devel-linux-x86_64-fedora-gcc | 1.0.0 | 155.81 | NOTE | |||
r-devel-windows-x86_64 | 1.0.0 | 11.00 | 94.00 | 105.00 | NOTE | |
r-patched-linux-x86_64 | 1.0.0 | 7.43 | 81.27 | 88.70 | NOTE | |
r-release-linux-x86_64 | 1.0.0 | 7.20 | 82.21 | 89.41 | NOTE | |
r-release-macos-arm64 | 1.0.0 | 41.00 | NOTE | |||
r-release-macos-x86_64 | 1.0.0 | 78.00 | NOTE | |||
r-release-windows-x86_64 | 1.0.0 | 12.00 | 93.00 | 105.00 | NOTE | |
r-oldrel-macos-arm64 | 1.0.0 | 49.00 | OK | |||
r-oldrel-macos-x86_64 | 1.0.0 | 89.00 | OK | |||
r-oldrel-windows-x86_64 | 1.0.0 | 16.00 | 118.00 | 134.00 | OK |
Version: 1.0.0
Check: DESCRIPTION meta-information
Result: NOTE
Missing dependency on R >= 4.1.0 because package code uses the pipe
|> or function shorthand \(...) syntax added in R 4.1.0.
File(s) using such syntax:
‘tidymodl.R’ ‘tidymodl.Rd’
Flavors: r-devel-linux-x86_64-debian-clang, r-devel-linux-x86_64-debian-gcc, r-devel-linux-x86_64-fedora-clang, r-devel-linux-x86_64-fedora-gcc, r-devel-windows-x86_64, r-patched-linux-x86_64, r-release-linux-x86_64, r-release-macos-arm64, r-release-windows-x86_64
Version: 1.0.0
Check: DESCRIPTION meta-information
Result: NOTE
Missing dependency on R >= 4.1.0 because package code uses the pipe
|> or function shorthand \(...) syntax added in R 4.1.0.
File(s) using such syntax:
‘tidymodl.R’
Flavor: r-release-macos-x86_64