Last updated on 2025-05-23 04:51:23 CEST.
Flavor | Version | Tinstall | Tcheck | Ttotal | Status | Flags |
---|---|---|---|---|---|---|
r-devel-linux-x86_64-debian-clang | 2.2.0 | 3.56 | 143.20 | 146.76 | NOTE | |
r-devel-linux-x86_64-debian-gcc | 2.2.0 | 2.49 | 96.12 | 98.61 | NOTE | |
r-devel-linux-x86_64-fedora-clang | 2.2.0 | 233.45 | NOTE | |||
r-devel-linux-x86_64-fedora-gcc | 2.2.0 | 234.17 | NOTE | |||
r-devel-windows-x86_64 | 2.2.0 | 8.00 | 182.00 | 190.00 | NOTE | |
r-patched-linux-x86_64 | 2.2.0 | 3.12 | 133.13 | 136.25 | NOTE | |
r-release-linux-x86_64 | 2.2.0 | 3.41 | 133.48 | 136.89 | NOTE | |
r-release-macos-arm64 | 2.2.0 | 72.00 | NOTE | |||
r-release-macos-x86_64 | 2.2.0 | 169.00 | NOTE | |||
r-release-windows-x86_64 | 2.2.0 | 7.00 | 167.00 | 174.00 | NOTE | |
r-oldrel-macos-arm64 | 2.2.0 | 69.00 | OK | |||
r-oldrel-macos-x86_64 | 2.2.0 | 121.00 | OK | |||
r-oldrel-windows-x86_64 | 2.2.0 | 6.00 | 185.00 | 191.00 | OK |
Version: 2.2.0
Check: DESCRIPTION meta-information
Result: NOTE
Missing dependency on R >= 4.1.0 because package code uses the pipe
|> or function shorthand \(...) syntax added in R 4.1.0.
File(s) using such syntax:
‘tidy_plate.R’
Flavors: r-devel-linux-x86_64-debian-clang, r-devel-linux-x86_64-debian-gcc, r-devel-linux-x86_64-fedora-clang, r-devel-linux-x86_64-fedora-gcc, r-devel-windows-x86_64, r-patched-linux-x86_64, r-release-linux-x86_64, r-release-macos-arm64, r-release-macos-x86_64, r-release-windows-x86_64