Last updated on 2025-07-17 04:54:56 CEST.
Flavor | Version | Tinstall | Tcheck | Ttotal | Status | Flags |
---|---|---|---|---|---|---|
r-devel-linux-x86_64-debian-clang | 1.0.10 | 100.69 | 54.02 | 154.71 | OK | |
r-devel-linux-x86_64-debian-gcc | 1.0.10 | 75.17 | 41.08 | 116.25 | OK | |
r-devel-linux-x86_64-fedora-clang | 1.0.10 | 279.88 | OK | |||
r-devel-linux-x86_64-fedora-gcc | 1.0.10 | 286.90 | OK | |||
r-devel-windows-x86_64 | 1.0.10 | 130.00 | 97.00 | 227.00 | OK | |
r-patched-linux-x86_64 | 1.0.10 | 104.24 | 50.38 | 154.62 | OK | |
r-release-linux-x86_64 | 1.0.10 | 104.43 | 49.70 | 154.13 | OK | |
r-release-macos-arm64 | 1.0.10 | 86.00 | OK | |||
r-release-macos-x86_64 | 1.0.10 | 134.00 | OK | |||
r-release-windows-x86_64 | 1.0.10 | 134.00 | 100.00 | 234.00 | OK | |
r-oldrel-macos-arm64 | 1.0.10 | 80.00 | NOTE | |||
r-oldrel-macos-x86_64 | 1.0.10 | 84.00 | NOTE | |||
r-oldrel-windows-x86_64 | 1.0.10 | 155.00 | 116.00 | 271.00 | OK |
Version: 1.0.10
Check: installed package size
Result: NOTE
installed size is 9.6Mb
sub-directories of 1Mb or more:
libs 8.6Mb
Flavors: r-oldrel-macos-arm64, r-oldrel-macos-x86_64