Last updated on 2025-07-19 04:49:40 CEST.
Flavor | Version | Tinstall | Tcheck | Ttotal | Status | Flags |
---|---|---|---|---|---|---|
r-devel-linux-x86_64-debian-clang | 1.1.2 | 127.49 | 34.17 | 161.66 | NOTE | |
r-devel-linux-x86_64-debian-gcc | 1.1.2 | 87.18 | 30.04 | 117.22 | NOTE | |
r-devel-linux-x86_64-fedora-clang | 1.1.2 | 346.24 | NOTE | |||
r-devel-linux-x86_64-fedora-gcc | 1.1.2 | 285.49 | NOTE | |||
r-devel-windows-x86_64 | 1.1.2 | 145.00 | 83.00 | 228.00 | NOTE | |
r-patched-linux-x86_64 | 1.1.2 | 126.86 | 37.16 | 164.02 | NOTE | |
r-release-linux-x86_64 | 1.1.2 | 124.61 | 37.15 | 161.76 | NOTE | |
r-release-macos-arm64 | 1.1.2 | 76.00 | NOTE | |||
r-release-macos-x86_64 | 1.1.2 | 83.00 | NOTE | |||
r-release-windows-x86_64 | 1.1.2 | 140.00 | 73.00 | 213.00 | NOTE | |
r-oldrel-macos-arm64 | 1.1.2 | 71.00 | NOTE | |||
r-oldrel-macos-x86_64 | 1.1.2 | 75.00 | NOTE | |||
r-oldrel-windows-x86_64 | 1.1.2 | 169.00 | 91.00 | 260.00 | NOTE |
Version: 1.1.2
Check: C++ specification
Result: NOTE
Specified C++14: please drop specification unless essential
Flavors: r-devel-linux-x86_64-debian-clang, r-devel-linux-x86_64-debian-gcc, r-devel-linux-x86_64-fedora-clang, r-devel-linux-x86_64-fedora-gcc, r-devel-windows-x86_64, r-patched-linux-x86_64, r-release-linux-x86_64, r-release-macos-arm64, r-release-macos-x86_64, r-release-windows-x86_64, r-oldrel-macos-arm64, r-oldrel-macos-x86_64, r-oldrel-windows-x86_64
Version: 1.1.2
Check: Rd files
Result: NOTE
checkRd: (-1) pmvn.Rd:21: Lost braces in \itemize; meant \describe ?
checkRd: (-1) pmvn.Rd:22: Lost braces in \itemize; meant \describe ?
checkRd: (-1) pmvn.Rd:23: Lost braces in \itemize; meant \describe ?
checkRd: (-1) pmvt.Rd:23: Lost braces in \itemize; meant \describe ?
checkRd: (-1) pmvt.Rd:24: Lost braces in \itemize; meant \describe ?
checkRd: (-1) pmvt.Rd:25: Lost braces in \itemize; meant \describe ?
Flavors: r-devel-linux-x86_64-debian-clang, r-devel-linux-x86_64-debian-gcc, r-devel-linux-x86_64-fedora-clang, r-devel-linux-x86_64-fedora-gcc, r-devel-windows-x86_64, r-patched-linux-x86_64, r-release-linux-x86_64, r-release-macos-arm64, r-release-macos-x86_64, r-release-windows-x86_64, r-oldrel-macos-arm64, r-oldrel-macos-x86_64, r-oldrel-windows-x86_64
Version: 1.1.2
Check: installed package size
Result: NOTE
installed size is 11.9Mb
sub-directories of 1Mb or more:
libs 11.8Mb
Flavors: r-oldrel-macos-arm64, r-oldrel-macos-x86_64