Last updated on 2025-05-23 04:51:23 CEST.
Flavor | Version | Tinstall | Tcheck | Ttotal | Status | Flags |
---|---|---|---|---|---|---|
r-devel-linux-x86_64-debian-clang | 0.7-16 | 19.57 | 62.10 | 81.67 | OK | |
r-devel-linux-x86_64-debian-gcc | 0.7-16 | 14.48 | 45.51 | 59.99 | OK | |
r-devel-linux-x86_64-fedora-clang | 0.7-16 | 138.76 | OK | |||
r-devel-linux-x86_64-fedora-gcc | 0.7-16 | 149.58 | OK | |||
r-devel-windows-x86_64 | 0.7-16 | 27.00 | 202.00 | 229.00 | OK | |
r-patched-linux-x86_64 | 0.7-16 | 21.47 | 58.55 | 80.02 | OK | |
r-release-linux-x86_64 | 0.7-16 | 20.57 | 58.63 | 79.20 | OK | |
r-release-macos-arm64 | 0.7-16 | 57.00 | OK | |||
r-release-macos-x86_64 | 0.7-16 | 91.00 | OK | |||
r-release-windows-x86_64 | 0.7-16 | 28.00 | 211.00 | 239.00 | OK | |
r-oldrel-macos-arm64 | 0.7-16 | 79.00 | NOTE | |||
r-oldrel-macos-x86_64 | 0.7-16 | 147.00 | NOTE | |||
r-oldrel-windows-x86_64 | 0.7-16 | 31.00 | 148.00 | 179.00 | NOTE |
Version: 0.7-16
Check: package dependencies
Result: NOTE
Packages suggested but not available for checking:
'Rcampdf', 'tm.lexicon.GeneralInquirer'
Flavors: r-oldrel-macos-arm64, r-oldrel-macos-x86_64, r-oldrel-windows-x86_64