Last updated on 2025-07-17 04:54:56 CEST.
Flavor | Version | Tinstall | Tcheck | Ttotal | Status | Flags |
---|---|---|---|---|---|---|
r-devel-linux-x86_64-debian-clang | 0.2.1 | 5.79 | 52.79 | 58.58 | NOTE | |
r-devel-linux-x86_64-debian-gcc | 0.2.1 | 4.66 | 38.38 | 43.04 | NOTE | |
r-devel-linux-x86_64-fedora-clang | 0.2.1 | 90.20 | NOTE | |||
r-devel-linux-x86_64-fedora-gcc | 0.2.1 | 101.47 | NOTE | |||
r-devel-windows-x86_64 | 0.2.1 | 8.00 | 70.00 | 78.00 | NOTE | |
r-patched-linux-x86_64 | 0.2.1 | 6.34 | 47.79 | 54.13 | NOTE | |
r-release-linux-x86_64 | 0.2.1 | 5.86 | 47.28 | 53.14 | NOTE | |
r-release-macos-arm64 | 0.2.1 | 34.00 | NOTE | |||
r-release-macos-x86_64 | 0.2.1 | 81.00 | NOTE | |||
r-release-windows-x86_64 | 0.2.1 | 9.00 | 68.00 | 77.00 | NOTE | |
r-oldrel-macos-arm64 | 0.2.1 | 34.00 | OK | |||
r-oldrel-macos-x86_64 | 0.2.1 | 52.00 | OK | |||
r-oldrel-windows-x86_64 | 0.2.1 | 10.00 | 80.00 | 90.00 | OK |
Version: 0.2.1
Check: DESCRIPTION meta-information
Result: NOTE
Missing dependency on R >= 4.1.0 because package code uses the pipe
|> or function shorthand \(...) syntax added in R 4.1.0.
File(s) using such syntax:
‘Get_time_entries.R’
Flavors: r-devel-linux-x86_64-debian-clang, r-devel-linux-x86_64-debian-gcc, r-devel-linux-x86_64-fedora-clang, r-devel-linux-x86_64-fedora-gcc, r-devel-windows-x86_64, r-patched-linux-x86_64, r-release-linux-x86_64, r-release-macos-arm64, r-release-macos-x86_64, r-release-windows-x86_64