Last updated on 2025-07-19 04:49:40 CEST.
Flavor | Version | Tinstall | Tcheck | Ttotal | Status | Flags |
---|---|---|---|---|---|---|
r-devel-linux-x86_64-debian-clang | 0.3-4 | 10.28 | 90.74 | 101.02 | OK | |
r-devel-linux-x86_64-debian-gcc | 0.3-4 | 6.12 | 62.44 | 68.56 | OK | |
r-devel-linux-x86_64-fedora-clang | 0.3-4 | 160.76 | OK | |||
r-devel-linux-x86_64-fedora-gcc | 0.3-4 | 170.72 | OK | |||
r-devel-windows-x86_64 | 0.3-4 | 12.00 | 136.00 | 148.00 | OK | |
r-patched-linux-x86_64 | 0.3-4 | 11.71 | 84.34 | 96.05 | OK | |
r-release-linux-x86_64 | 0.3-4 | 7.46 | 85.15 | 92.61 | OK | |
r-release-macos-arm64 | 0.3-4 | 87.00 | OK | |||
r-release-macos-x86_64 | 0.3-4 | 137.00 | OK | |||
r-release-windows-x86_64 | 0.3-4 | 11.00 | 132.00 | 143.00 | OK | |
r-oldrel-macos-arm64 | 0.3-4 | 86.00 | NOTE | |||
r-oldrel-macos-x86_64 | 0.3-4 | 154.00 | NOTE | |||
r-oldrel-windows-x86_64 | 0.3-4 | 15.00 | 157.00 | 172.00 | NOTE |
Version: 0.3-4
Check: package dependencies
Result: NOTE
Package suggested but not available for checking: ‘toscaData’
Flavors: r-oldrel-macos-arm64, r-oldrel-macos-x86_64, r-oldrel-windows-x86_64