Last updated on 2025-10-31 03:50:22 CET.
| Flavor | Version | Tinstall | Tcheck | Ttotal | Status | Flags | 
|---|---|---|---|---|---|---|
| r-devel-linux-x86_64-debian-clang | 0.1.1 | 2.15 | 26.66 | 28.81 | NOTE | |
| r-devel-linux-x86_64-debian-gcc | 0.1.1 | 1.33 | 20.94 | 22.27 | NOTE | |
| r-devel-linux-x86_64-fedora-clang | 0.1.1 | 43.17 | OK | |||
| r-devel-linux-x86_64-fedora-gcc | 0.1.1 | 40.47 | OK | |||
| r-devel-windows-x86_64 | 0.1.1 | 3.00 | 56.00 | 59.00 | OK | |
| r-patched-linux-x86_64 | 0.1.1 | 2.31 | 25.06 | 27.37 | OK | |
| r-release-linux-x86_64 | 0.1.1 | 2.19 | 25.14 | 27.33 | OK | |
| r-release-macos-arm64 | 0.1.1 | 1.00 | 17.00 | 18.00 | OK | |
| r-release-macos-x86_64 | 0.1.1 | 2.00 | 28.00 | 30.00 | OK | |
| r-release-windows-x86_64 | 0.1.1 | 3.00 | 52.00 | 55.00 | OK | |
| r-oldrel-macos-arm64 | 0.1.1 | 1.00 | 18.00 | 19.00 | OK | |
| r-oldrel-macos-x86_64 | 0.1.1 | 2.00 | 24.00 | 26.00 | OK | |
| r-oldrel-windows-x86_64 | 0.1.1 | 5.00 | 54.00 | 59.00 | OK | 
Version: 0.1.1
Check: CRAN incoming feasibility
Result: NOTE
  Maintainer: ‘Filipe Campelo <fcampelo@uc.pt>’
  
  No Authors@R field in DESCRIPTION.
  Please add one, modifying
    Authors@R: person(given = "Filipe",
                      family = "Campelo",
                      role = c("aut", "cre"),
                      email = "fcampelo@uc.pt")
  as necessary.
Flavors: r-devel-linux-x86_64-debian-clang, r-devel-linux-x86_64-debian-gcc