Last updated on 2025-07-19 04:49:40 CEST.
Flavor | Version | Tinstall | Tcheck | Ttotal | Status | Flags |
---|---|---|---|---|---|---|
r-devel-linux-x86_64-debian-clang | 1.0.7 | 129.41 | 243.88 | 373.29 | OK | |
r-devel-linux-x86_64-debian-gcc | 1.0.7 | 112.23 | 179.67 | 291.90 | OK | |
r-devel-linux-x86_64-fedora-clang | 1.0.7 | 705.62 | OK | |||
r-devel-linux-x86_64-fedora-gcc | 1.0.7 | 731.04 | OK | |||
r-devel-windows-x86_64 | 1.0.7 | 127.00 | 334.00 | 461.00 | OK | |
r-patched-linux-x86_64 | 1.0.7 | 157.36 | 239.49 | 396.85 | OK | |
r-release-linux-x86_64 | 1.0.7 | 151.73 | 240.22 | 391.95 | OK | |
r-release-macos-arm64 | 1.0.7 | 237.00 | OK | |||
r-release-macos-x86_64 | 1.0.7 | 394.00 | OK | |||
r-release-windows-x86_64 | 1.0.7 | 125.00 | 324.00 | 449.00 | OK | |
r-oldrel-macos-arm64 | 1.0.7 | 174.00 | NOTE | |||
r-oldrel-macos-x86_64 | 1.0.7 | 342.00 | NOTE | |||
r-oldrel-windows-x86_64 | 1.0.7 | 163.00 | 399.00 | 562.00 | NOTE |
Version: 1.0.7
Check: installed package size
Result: NOTE
installed size is 69.1Mb
sub-directories of 1Mb or more:
doc 2.3Mb
libs 66.2Mb
Flavors: r-oldrel-macos-arm64, r-oldrel-macos-x86_64, r-oldrel-windows-x86_64