Last updated on 2025-07-17 04:54:56 CEST.
Flavor | Version | Tinstall | Tcheck | Ttotal | Status | Flags |
---|---|---|---|---|---|---|
r-devel-linux-x86_64-debian-clang | 1.70.5 | 55.19 | 139.72 | 194.91 | OK | |
r-devel-linux-x86_64-debian-gcc | 1.70.5 | 44.61 | 94.64 | 139.25 | OK | |
r-devel-linux-x86_64-fedora-clang | 1.70.5 | 377.01 | OK | |||
r-devel-linux-x86_64-fedora-gcc | 1.70.5 | 383.48 | OK | |||
r-devel-windows-x86_64 | 1.70.5 | 71.00 | 196.00 | 267.00 | OK | |
r-patched-linux-x86_64 | 1.70.5 | 62.54 | 131.78 | 194.32 | OK | |
r-release-linux-x86_64 | 1.70.5 | 63.47 | 131.95 | 195.42 | OK | |
r-release-macos-arm64 | 1.70.5 | 104.00 | OK | |||
r-release-macos-x86_64 | 1.70.5 | 159.00 | OK | |||
r-release-windows-x86_64 | 1.70.5 | 75.00 | 217.00 | 292.00 | OK | |
r-oldrel-macos-arm64 | 1.70.5 | 101.00 | NOTE | |||
r-oldrel-macos-x86_64 | 1.70.5 | 168.00 | NOTE | |||
r-oldrel-windows-x86_64 | 1.70.5 | 88.00 | 261.00 | 349.00 | OK |
Version: 1.70.5
Check: installed package size
Result: NOTE
installed size is 8.6Mb
sub-directories of 1Mb or more:
doc 3.1Mb
libs 5.0Mb
Flavors: r-oldrel-macos-arm64, r-oldrel-macos-x86_64