CRAN Package Check Results for Package tremendousr

Last updated on 2025-07-17 04:54:56 CEST.

Flavor Version Tinstall Tcheck Ttotal Status Flags
r-devel-linux-x86_64-debian-clang 1.0.0 2.57 26.56 29.13 OK
r-devel-linux-x86_64-debian-gcc 1.0.0 1.50 21.41 22.91 OK
r-devel-linux-x86_64-fedora-clang 1.0.0 50.35 NOTE
r-devel-linux-x86_64-fedora-gcc 1.0.0 62.25 NOTE
r-devel-windows-x86_64 1.0.0 4.00 47.00 51.00 OK
r-patched-linux-x86_64 1.0.0 2.67 24.87 27.54 OK
r-release-linux-x86_64 1.0.0 2.53 24.75 27.28 OK
r-release-macos-arm64 1.0.0 26.00 OK
r-release-macos-x86_64 1.0.0 47.00 OK
r-release-windows-x86_64 1.0.0 4.00 50.00 54.00 OK
r-oldrel-macos-arm64 1.0.0 22.00 OK
r-oldrel-macos-x86_64 1.0.0 39.00 OK
r-oldrel-windows-x86_64 1.0.0 5.00 57.00 62.00 OK

Check Details

Version: 1.0.0
Check: dependencies in R code
Result: NOTE Namespace in Imports field not imported from: ‘crul’ All declared Imports should be used. Flavors: r-devel-linux-x86_64-fedora-clang, r-devel-linux-x86_64-fedora-gcc