Last updated on 2025-07-19 04:49:40 CEST.
Flavor | Version | Tinstall | Tcheck | Ttotal | Status | Flags |
---|---|---|---|---|---|---|
r-devel-linux-x86_64-debian-clang | 0.1.6 | 821.17 | 455.35 | 1276.52 | OK | |
r-devel-linux-x86_64-debian-gcc | 0.1.6 | 796.88 | 409.17 | 1206.05 | OK | |
r-devel-linux-x86_64-fedora-clang | 0.1.6 | 2097.13 | OK | |||
r-devel-linux-x86_64-fedora-gcc | 0.1.6 | 2740.25 | OK | |||
r-devel-windows-x86_64 | 0.1.6 | 949.00 | 648.00 | 1597.00 | OK | |
r-patched-linux-x86_64 | 0.1.6 | 1069.54 | 537.41 | 1606.95 | OK | |
r-release-linux-x86_64 | 0.1.6 | 1069.64 | 536.06 | 1605.70 | OK | |
r-release-macos-arm64 | 0.1.6 | 791.00 | OK | |||
r-release-macos-x86_64 | 0.1.6 | 1128.00 | OK | |||
r-release-windows-x86_64 | 0.1.6 | 948.00 | 644.00 | 1592.00 | OK | |
r-oldrel-macos-arm64 | 0.1.6 | 329.00 | NOTE | |||
r-oldrel-macos-x86_64 | 0.1.6 | 425.00 | NOTE | |||
r-oldrel-windows-x86_64 | 0.1.6 | 1097.00 | 804.00 | 1901.00 | NOTE |
Version: 0.1.6
Check: installed package size
Result: NOTE
installed size is 135.3Mb
sub-directories of 1Mb or more:
doc 3.9Mb
libs 130.3Mb
Flavors: r-oldrel-macos-arm64, r-oldrel-macos-x86_64, r-oldrel-windows-x86_64
Version: 0.1.6
Check: for GNU extensions in Makefiles
Result: NOTE
GNU make is a SystemRequirements.
Flavors: r-oldrel-macos-arm64, r-oldrel-macos-x86_64, r-oldrel-windows-x86_64