Last updated on 2025-07-17 04:54:56 CEST.
Flavor | Version | Tinstall | Tcheck | Ttotal | Status | Flags |
---|---|---|---|---|---|---|
r-devel-linux-x86_64-debian-clang | 0.1.3 | 15.45 | 95.02 | 110.47 | OK | |
r-devel-linux-x86_64-debian-gcc | 0.1.3 | 11.35 | 66.76 | 78.11 | OK | |
r-devel-linux-x86_64-fedora-clang | 0.1.3 | 187.03 | OK | |||
r-devel-linux-x86_64-fedora-gcc | 0.1.3 | 183.24 | OK | |||
r-devel-windows-x86_64 | 0.1.3 | 23.00 | 108.00 | 131.00 | OK | |
r-patched-linux-x86_64 | 0.1.3 | 18.21 | 88.79 | 107.00 | OK | |
r-release-linux-x86_64 | 0.1.3 | 17.38 | 88.37 | 105.75 | OK | |
r-release-macos-arm64 | 0.1.3 | 6.00 | ERROR | |||
r-release-macos-x86_64 | 0.1.3 | 11.00 | ERROR | |||
r-release-windows-x86_64 | 0.1.3 | 22.00 | 104.00 | 126.00 | OK | |
r-oldrel-macos-arm64 | 0.1.3 | 11.00 | ERROR | |||
r-oldrel-macos-x86_64 | 0.1.3 | 17.00 | ERROR | |||
r-oldrel-windows-x86_64 | 0.1.3 | 24.00 | 134.00 | 158.00 | OK |
Version: 0.1.3
Check: whether package can be installed
Result: ERROR
Installation failed.
Flavors: r-release-macos-arm64, r-release-macos-x86_64, r-oldrel-macos-arm64, r-oldrel-macos-x86_64