Last updated on 2025-05-23 04:51:23 CEST.
Flavor | Version | Tinstall | Tcheck | Ttotal | Status | Flags |
---|---|---|---|---|---|---|
r-devel-linux-x86_64-debian-clang | 0.0.3 | 121.03 | 680.86 | 801.89 | OK | |
r-devel-linux-x86_64-debian-gcc | 0.0.3 | 115.09 | 210.12 | 325.21 | OK | |
r-devel-linux-x86_64-fedora-clang | 0.0.3 | 1405.51 | OK | |||
r-devel-linux-x86_64-fedora-gcc | 0.0.3 | 786.29 | OK | |||
r-devel-windows-x86_64 | 0.0.3 | 139.00 | 512.00 | 651.00 | OK | |
r-patched-linux-x86_64 | 0.0.3 | 137.50 | 298.34 | 435.84 | OK | |
r-release-linux-x86_64 | 0.0.3 | 141.16 | 298.64 | 439.80 | OK | |
r-release-macos-arm64 | 0.0.3 | 222.00 | OK | |||
r-release-macos-x86_64 | 0.0.3 | 535.00 | OK | |||
r-release-windows-x86_64 | 0.0.3 | 143.00 | 535.00 | 678.00 | OK | |
r-oldrel-macos-arm64 | 0.0.3 | 130.00 | NOTE | |||
r-oldrel-macos-x86_64 | 0.0.3 | 234.00 | NOTE | |||
r-oldrel-windows-x86_64 | 0.0.3 | 161.00 | 546.00 | 707.00 | NOTE |
Version: 0.0.3
Check: installed package size
Result: NOTE
installed size is 40.5Mb
sub-directories of 1Mb or more:
libs 40.3Mb
Flavors: r-oldrel-macos-arm64, r-oldrel-macos-x86_64
Version: 0.0.3
Check: for GNU extensions in Makefiles
Result: NOTE
GNU make is a SystemRequirements.
Flavors: r-oldrel-macos-arm64, r-oldrel-macos-x86_64, r-oldrel-windows-x86_64