CRAN Package Check Results for Package trustedtimestamping

Last updated on 2025-05-23 04:51:23 CEST.

Flavor Version Tinstall Tcheck Ttotal Status Flags
r-devel-linux-x86_64-debian-clang 0.2.6 1.95 20.08 22.03 OK
r-devel-linux-x86_64-debian-gcc 0.2.6 1.52 16.70 18.22 OK
r-devel-linux-x86_64-fedora-clang 0.2.6 33.96 OK
r-devel-linux-x86_64-fedora-gcc 0.2.6 33.89 OK
r-devel-windows-x86_64 0.2.6 4.00 43.00 47.00 OK
r-patched-linux-x86_64 0.2.6 1.90 19.37 21.27 OK
r-release-linux-x86_64 0.2.6 1.79 19.55 21.34 OK
r-release-macos-arm64 0.2.6 22.00 OK
r-release-macos-x86_64 0.2.6 29.00 OK
r-release-windows-x86_64 0.2.6 4.00 61.00 65.00 OK
r-oldrel-macos-arm64 0.2.6 15.00 NOTE
r-oldrel-macos-x86_64 0.2.6 21.00 NOTE
r-oldrel-windows-x86_64 0.2.6 4.00 47.00 51.00 NOTE

Additional issues

donttest

Check Details

Version: 0.2.6
Check: LazyData
Result: NOTE 'LazyData' is specified without a 'data' directory Flavors: r-oldrel-macos-arm64, r-oldrel-macos-x86_64, r-oldrel-windows-x86_64