Last updated on 2025-05-23 04:51:23 CEST.
Flavor | Version | Tinstall | Tcheck | Ttotal | Status | Flags |
---|---|---|---|---|---|---|
r-devel-linux-x86_64-debian-clang | 1.0.0 | 136.57 | 757.00 | 893.57 | OK | |
r-devel-linux-x86_64-debian-gcc | 1.0.0 | 102.54 | 504.98 | 607.52 | OK | |
r-devel-linux-x86_64-fedora-clang | 1.0.0 | 1033.52 | OK | |||
r-devel-linux-x86_64-fedora-gcc | 1.0.0 | 1097.34 | OK | |||
r-devel-windows-x86_64 | 1.0.0 | 175.00 | 732.00 | 907.00 | OK | |
r-patched-linux-x86_64 | 1.0.0 | 141.58 | 706.85 | 848.43 | OK | |
r-release-linux-x86_64 | 1.0.0 | 138.82 | 710.69 | 849.51 | OK | |
r-release-macos-arm64 | 1.0.0 | 324.00 | OK | |||
r-release-macos-x86_64 | 1.0.0 | 683.00 | OK | |||
r-release-windows-x86_64 | 1.0.0 | 178.00 | 762.00 | 940.00 | OK | |
r-oldrel-macos-arm64 | 1.0.0 | 192.00 | NOTE | |||
r-oldrel-macos-x86_64 | 1.0.0 | 338.00 | NOTE | |||
r-oldrel-windows-x86_64 | 1.0.0 | 195.00 | 905.00 | 1100.00 | NOTE |
Version: 1.0.0
Check: installed package size
Result: NOTE
installed size is 15.3Mb
sub-directories of 1Mb or more:
doc 1.6Mb
libs 12.2Mb
Flavors: r-oldrel-macos-arm64, r-oldrel-macos-x86_64
Version: 1.0.0
Check: for GNU extensions in Makefiles
Result: NOTE
GNU make is a SystemRequirements.
Flavors: r-oldrel-macos-arm64, r-oldrel-macos-x86_64, r-oldrel-windows-x86_64