Last updated on 2025-07-19 04:49:40 CEST.
Flavor | Version | Tinstall | Tcheck | Ttotal | Status | Flags |
---|---|---|---|---|---|---|
r-devel-linux-x86_64-debian-clang | 1.2 | 9.49 | 120.92 | 130.41 | NOTE | |
r-devel-linux-x86_64-debian-gcc | 1.2 | 5.87 | 91.63 | 97.50 | NOTE | |
r-devel-linux-x86_64-fedora-clang | 1.2 | 221.62 | OK | |||
r-devel-linux-x86_64-fedora-gcc | 1.2 | 210.43 | OK | |||
r-devel-windows-x86_64 | 1.2 | 11.00 | 144.00 | 155.00 | NOTE | |
r-patched-linux-x86_64 | 1.2 | 9.47 | 115.91 | 125.38 | NOTE | |
r-release-linux-x86_64 | 1.2 | 8.26 | 115.84 | 124.10 | NOTE | |
r-release-macos-arm64 | 1.2 | 66.00 | OK | |||
r-release-macos-x86_64 | 1.2 | 123.00 | OK | |||
r-release-windows-x86_64 | 1.2 | 9.00 | 139.00 | 148.00 | NOTE | |
r-oldrel-macos-arm64 | 1.2 | 61.00 | OK | |||
r-oldrel-macos-x86_64 | 1.2 | 97.00 | OK | |||
r-oldrel-windows-x86_64 | 1.2 | 13.00 | 175.00 | 188.00 | OK |
Version: 1.2
Check: Rd cross-references
Result: NOTE
Found the following Rd file(s) with Rd \link{} targets missing package
anchors:
dx.wts.mediation.Rd: ps
wgtmed.Rd: gbm, ps, twang
Please provide package anchors for all Rd \link{} targets not in the
package itself and the base packages.
Flavors: r-devel-linux-x86_64-debian-clang, r-devel-linux-x86_64-debian-gcc, r-devel-windows-x86_64, r-patched-linux-x86_64, r-release-linux-x86_64, r-release-windows-x86_64