Last updated on 2025-10-29 03:52:18 CET.
| Flavor | Version | Tinstall | Tcheck | Ttotal | Status | Flags |
|---|---|---|---|---|---|---|
| r-devel-linux-x86_64-debian-clang | 0.8.4 | 94.96 | 157.95 | 252.91 | OK | |
| r-devel-linux-x86_64-debian-gcc | 0.8.4 | 81.09 | 114.31 | 195.40 | OK | |
| r-devel-linux-x86_64-fedora-clang | 0.8.4 | 274.00 | 186.90 | 460.90 | OK | |
| r-devel-linux-x86_64-fedora-gcc | 0.8.4 | 282.00 | 196.20 | 478.20 | OK | |
| r-devel-windows-x86_64 | 0.8.4 | 117.00 | 172.00 | 289.00 | OK | |
| r-patched-linux-x86_64 | 0.8.4 | 104.46 | 150.55 | 255.01 | OK | |
| r-release-linux-x86_64 | 0.8.4 | 109.05 | 147.47 | 256.52 | OK | |
| r-release-macos-arm64 | 0.8.4 | 37.00 | 62.00 | 99.00 | OK | |
| r-release-macos-x86_64 | 0.8.4 | 37.00 | 109.00 | 146.00 | OK | |
| r-release-windows-x86_64 | 0.8.4 | 114.00 | 174.00 | 288.00 | OK | |
| r-oldrel-macos-arm64 | 0.8.4 | 36.00 | 62.00 | 98.00 | NOTE | |
| r-oldrel-macos-x86_64 | 0.8.4 | 37.00 | 105.00 | 142.00 | NOTE | |
| r-oldrel-windows-x86_64 | 0.8.4 | 138.00 | 217.00 | 355.00 | OK |
Version: 0.8.4
Check: installed package size
Result: NOTE
installed size is 7.6Mb
sub-directories of 1Mb or more:
libs 6.5Mb
Flavors: r-oldrel-macos-arm64, r-oldrel-macos-x86_64