Last updated on 2025-07-17 04:54:57 CEST.
Flavor | Version | Tinstall | Tcheck | Ttotal | Status | Flags |
---|---|---|---|---|---|---|
r-devel-linux-x86_64-debian-clang | 0.1.0 | 6.22 | 235.86 | 242.08 | OK | |
r-devel-linux-x86_64-debian-gcc | 0.1.0 | 4.57 | 144.09 | 148.66 | OK | |
r-devel-linux-x86_64-fedora-clang | 0.1.0 | 386.99 | NOTE | |||
r-devel-linux-x86_64-fedora-gcc | 0.1.0 | 377.52 | NOTE | |||
r-devel-windows-x86_64 | 0.1.0 | 8.00 | 204.00 | 212.00 | OK | |
r-patched-linux-x86_64 | 0.1.0 | 5.32 | 219.72 | 225.04 | OK | |
r-release-linux-x86_64 | 0.1.0 | 5.94 | 219.02 | 224.96 | OK | |
r-release-macos-arm64 | 0.1.0 | 94.00 | OK | |||
r-release-macos-x86_64 | 0.1.0 | 189.00 | OK | |||
r-release-windows-x86_64 | 0.1.0 | 9.00 | 204.00 | 213.00 | OK | |
r-oldrel-macos-arm64 | 0.1.0 | 96.00 | OK | |||
r-oldrel-macos-x86_64 | 0.1.0 | 155.00 | OK | |||
r-oldrel-windows-x86_64 | 0.1.0 | 11.00 | 287.00 | 298.00 | OK |
Version: 0.1.0
Check: dependencies in R code
Result: NOTE
Namespaces in Imports field not imported from:
‘mclust’ ‘rlang’
All declared Imports should be used.
Flavors: r-devel-linux-x86_64-fedora-clang, r-devel-linux-x86_64-fedora-gcc