CRAN Package Check Results for Package vita

Last updated on 2025-07-19 04:49:41 CEST.

Flavor Version Tinstall Tcheck Ttotal Status Flags
r-devel-linux-x86_64-debian-clang 1.0.0 17.14 38.00 55.14 OK
r-devel-linux-x86_64-debian-gcc 1.0.0 14.74 30.65 45.39 OK
r-devel-linux-x86_64-fedora-clang 1.0.0 97.06 NOTE
r-devel-linux-x86_64-fedora-gcc 1.0.0 93.58 NOTE
r-devel-windows-x86_64 1.0.0 21.00 78.00 99.00 OK
r-patched-linux-x86_64 1.0.0 20.84 35.43 56.27 OK
r-release-linux-x86_64 1.0.0 19.49 35.56 55.05 OK
r-release-macos-arm64 1.0.0 39.00 OK
r-release-macos-x86_64 1.0.0 62.00 OK
r-release-windows-x86_64 1.0.0 21.00 77.00 98.00 OK
r-oldrel-macos-arm64 1.0.0 30.00 NOTE
r-oldrel-macos-x86_64 1.0.0 50.00 NOTE
r-oldrel-windows-x86_64 1.0.0 24.00 89.00 113.00 NOTE

Check Details

Version: 1.0.0
Check: compiled code
Result: NOTE File ‘vita/libs/vita.so’: Found no calls to: ‘R_registerRoutines’, ‘R_useDynamicSymbols’ It is good practice to register native routines and to disable symbol search. See ‘Writing portable packages’ in the ‘Writing R Extensions’ manual. Flavors: r-devel-linux-x86_64-fedora-clang, r-devel-linux-x86_64-fedora-gcc

Version: 1.0.0
Check: LazyData
Result: NOTE 'LazyData' is specified without a 'data' directory Flavors: r-oldrel-macos-arm64, r-oldrel-macos-x86_64, r-oldrel-windows-x86_64