CRAN Package Check Results for Package walmartAPI

Last updated on 2025-07-17 04:54:57 CEST.

Flavor Version Tinstall Tcheck Ttotal Status Flags
r-devel-linux-x86_64-debian-clang 0.1.5 1.88 20.45 22.33 OK
r-devel-linux-x86_64-debian-gcc 0.1.5 1.56 16.97 18.53 OK
r-devel-linux-x86_64-fedora-clang 0.1.5 32.30 OK
r-devel-linux-x86_64-fedora-gcc 0.1.5 30.37 OK
r-devel-windows-x86_64 0.1.5 4.00 41.00 45.00 OK
r-patched-linux-x86_64 0.1.5 2.23 18.02 20.25 OK
r-release-linux-x86_64 0.1.5 1.70 17.83 19.53 OK
r-release-macos-arm64 0.1.5 15.00 OK
r-release-macos-x86_64 0.1.5 23.00 OK
r-release-windows-x86_64 0.1.5 4.00 42.00 46.00 OK
r-oldrel-macos-arm64 0.1.5 14.00 NOTE
r-oldrel-macos-x86_64 0.1.5 21.00 NOTE
r-oldrel-windows-x86_64 0.1.5 4.00 45.00 49.00 NOTE

Check Details

Version: 0.1.5
Check: LazyData
Result: NOTE 'LazyData' is specified without a 'data' directory Flavors: r-oldrel-macos-arm64, r-oldrel-macos-x86_64, r-oldrel-windows-x86_64