Last updated on 2025-10-30 03:51:11 CET.
| Flavor | Version | Tinstall | Tcheck | Ttotal | Status | Flags |
|---|---|---|---|---|---|---|
| r-devel-linux-x86_64-debian-clang | 0.6 | 55.05 | 40.04 | 95.09 | OK | |
| r-devel-linux-x86_64-debian-gcc | 0.6 | 39.01 | 29.89 | 68.90 | OK | |
| r-devel-linux-x86_64-fedora-clang | 0.6 | 48.00 | 111.75 | 159.75 | OK | |
| r-devel-linux-x86_64-fedora-gcc | 0.6 | 65.00 | 98.76 | 163.76 | OK | |
| r-devel-windows-x86_64 | 0.6 | 65.00 | 80.00 | 145.00 | OK | |
| r-patched-linux-x86_64 | 0.6 | 58.84 | 41.51 | 100.35 | OK | |
| r-release-linux-x86_64 | 0.6 | 55.39 | 39.87 | 95.26 | OK | |
| r-release-macos-arm64 | 0.6 | 20.00 | 23.00 | 43.00 | OK | |
| r-release-macos-x86_64 | 0.6 | 33.00 | 35.00 | 68.00 | OK | |
| r-release-windows-x86_64 | 0.6 | 67.00 | 78.00 | 145.00 | OK | |
| r-oldrel-macos-arm64 | 0.6 | 22.00 | 26.00 | 48.00 | NOTE | |
| r-oldrel-macos-x86_64 | 0.6 | 36.00 | 78.00 | 114.00 | NOTE | |
| r-oldrel-windows-x86_64 | 0.6 | 76.00 | 87.00 | 163.00 | OK |
Version: 0.6
Check: installed package size
Result: NOTE
installed size is 5.7Mb
sub-directories of 1Mb or more:
libs 5.6Mb
Flavors: r-oldrel-macos-arm64, r-oldrel-macos-x86_64