CRAN Package Check Results for Package wkutils

Last updated on 2025-05-23 04:51:24 CEST.

Flavor Version Tinstall Tcheck Ttotal Status Flags
r-devel-linux-x86_64-debian-clang 0.1.3 48.40 31.69 80.09 NOTE
r-devel-linux-x86_64-debian-gcc 0.1.3 40.17 24.86 65.03 NOTE
r-devel-linux-x86_64-fedora-clang 0.1.3 148.43 NOTE
r-devel-linux-x86_64-fedora-gcc 0.1.3 178.64 NOTE
r-devel-windows-x86_64 0.1.3 67.00 79.00 146.00 NOTE
r-patched-linux-x86_64 0.1.3 57.14 29.29 86.43 NOTE
r-release-linux-x86_64 0.1.3 54.00 29.35 83.35 NOTE
r-release-macos-arm64 0.1.3 55.00 NOTE
r-release-macos-x86_64 0.1.3 75.00 NOTE
r-release-windows-x86_64 0.1.3 65.00 119.00 184.00 NOTE
r-oldrel-macos-arm64 0.1.3 42.00 NOTE
r-oldrel-macos-x86_64 0.1.3 46.00 NOTE
r-oldrel-windows-x86_64 0.1.3 77.00 87.00 164.00 NOTE

Check Details

Version: 0.1.3
Check: C++ specification
Result: NOTE Specified C++11: please drop specification unless essential Flavors: r-devel-linux-x86_64-debian-clang, r-devel-linux-x86_64-debian-gcc, r-devel-linux-x86_64-fedora-clang, r-devel-linux-x86_64-fedora-gcc, r-devel-windows-x86_64, r-patched-linux-x86_64, r-release-linux-x86_64, r-release-macos-arm64, r-release-macos-x86_64, r-release-windows-x86_64, r-oldrel-macos-arm64, r-oldrel-macos-x86_64, r-oldrel-windows-x86_64

Version: 0.1.3
Check: Rd cross-references
Result: NOTE Found the following Rd file(s) with Rd \link{} targets missing package anchors: wkt_plot.Rd: wkt, wkb Please provide package anchors for all Rd \link{} targets not in the package itself and the base packages. Flavors: r-devel-linux-x86_64-debian-clang, r-devel-linux-x86_64-debian-gcc, r-devel-windows-x86_64, r-patched-linux-x86_64, r-release-linux-x86_64, r-release-windows-x86_64