Last updated on 2025-07-19 04:49:41 CEST.
Flavor | Version | Tinstall | Tcheck | Ttotal | Status | Flags |
---|---|---|---|---|---|---|
r-devel-linux-x86_64-debian-clang | 2.6 | 10.62 | 30.02 | 40.64 | NOTE | |
r-devel-linux-x86_64-debian-gcc | 2.6 | 7.89 | 23.68 | 31.57 | NOTE | |
r-devel-linux-x86_64-fedora-clang | 2.6 | 67.64 | OK | |||
r-devel-linux-x86_64-fedora-gcc | 2.6 | 60.98 | OK | |||
r-devel-windows-x86_64 | 2.6 | 19.00 | 64.00 | 83.00 | OK | |
r-patched-linux-x86_64 | 2.6 | 9.54 | 27.32 | 36.86 | OK | |
r-release-linux-x86_64 | 2.6 | 9.60 | 27.43 | 37.03 | OK | |
r-release-macos-arm64 | 2.6 | 27.00 | OK | |||
r-release-macos-x86_64 | 2.6 | 43.00 | OK | |||
r-release-windows-x86_64 | 2.6 | 16.00 | 69.00 | 85.00 | OK | |
r-oldrel-macos-arm64 | 2.6 | 30.00 | OK | |||
r-oldrel-macos-x86_64 | 2.6 | 35.00 | OK | |||
r-oldrel-windows-x86_64 | 2.6 | 17.00 | 82.00 | 99.00 | OK |
Version: 2.6
Check: CRAN incoming feasibility
Result: NOTE
Maintainer: ‘Ian Fellows <ian@fellstat.com>’
No Authors@R field in DESCRIPTION.
Please add one, modifying
Authors@R: person(given = "Ian",
family = "Fellows",
role = c("aut", "cre"),
email = "ian@fellstat.com")
as necessary.
Flavors: r-devel-linux-x86_64-debian-clang, r-devel-linux-x86_64-debian-gcc