CRAN Package Check Results for Package xlsx2dfs

Last updated on 2025-05-23 04:51:24 CEST.

Flavor Version Tinstall Tcheck Ttotal Status Flags
r-devel-linux-x86_64-debian-clang 0.1.0 2.40 30.59 32.99 OK
r-devel-linux-x86_64-debian-gcc 0.1.0 1.85 24.69 26.54 OK
r-devel-linux-x86_64-fedora-clang 0.1.0 52.25 OK
r-devel-linux-x86_64-fedora-gcc 0.1.0 63.79 OK
r-devel-windows-x86_64 0.1.0 4.00 86.00 90.00 OK
r-patched-linux-x86_64 0.1.0 1.90 29.35 31.25 OK
r-release-linux-x86_64 0.1.0 2.30 29.16 31.46 OK
r-release-macos-arm64 0.1.0 26.00 OK
r-release-macos-x86_64 0.1.0 50.00 OK
r-release-windows-x86_64 0.1.0 4.00 93.00 97.00 OK
r-oldrel-macos-arm64 0.1.0 24.00 NOTE
r-oldrel-macos-x86_64 0.1.0 37.00 NOTE
r-oldrel-windows-x86_64 0.1.0 4.00 60.00 64.00 NOTE

Check Details

Version: 0.1.0
Check: LazyData
Result: NOTE 'LazyData' is specified without a 'data' directory Flavors: r-oldrel-macos-arm64, r-oldrel-macos-x86_64, r-oldrel-windows-x86_64