Last updated on 2025-05-23 04:51:24 CEST.
Flavor | Version | Tinstall | Tcheck | Ttotal | Status | Flags |
---|---|---|---|---|---|---|
r-devel-linux-x86_64-debian-clang | 0.2.2 | 2.37 | 21.65 | 24.02 | OK | |
r-devel-linux-x86_64-debian-gcc | 0.2.2 | 1.84 | 17.00 | 18.84 | OK | |
r-devel-linux-x86_64-fedora-clang | 0.2.2 | 38.25 | NOTE | |||
r-devel-linux-x86_64-fedora-gcc | 0.2.2 | 35.70 | NOTE | |||
r-devel-windows-x86_64 | 0.2.2 | 6.00 | 45.00 | 51.00 | OK | |
r-patched-linux-x86_64 | 0.2.2 | 2.03 | 20.89 | 22.92 | OK | |
r-release-linux-x86_64 | 0.2.2 | 2.28 | 20.35 | 22.63 | OK | |
r-release-macos-arm64 | 0.2.2 | 17.00 | OK | |||
r-release-macos-x86_64 | 0.2.2 | 30.00 | OK | |||
r-release-windows-x86_64 | 0.2.2 | 5.00 | 63.00 | 68.00 | OK | |
r-oldrel-macos-arm64 | 0.2.2 | 17.00 | NOTE | |||
r-oldrel-macos-x86_64 | 0.2.2 | 23.00 | NOTE | |||
r-oldrel-windows-x86_64 | 0.2.2 | 5.00 | 46.00 | 51.00 | NOTE |
Version: 0.2.2
Check: dependencies in R code
Result: NOTE
Namespace in Imports field not imported from: ‘RCurl’
All declared Imports should be used.
Flavors: r-devel-linux-x86_64-fedora-clang, r-devel-linux-x86_64-fedora-gcc
Version: 0.2.2
Check: LazyData
Result: NOTE
'LazyData' is specified without a 'data' directory
Flavors: r-oldrel-macos-arm64, r-oldrel-macos-x86_64, r-oldrel-windows-x86_64