Last updated on 2025-05-23 04:51:24 CEST.
Flavor | Version | Tinstall | Tcheck | Ttotal | Status | Flags |
---|---|---|---|---|---|---|
r-devel-linux-x86_64-debian-clang | 4.7.3 | 25.02 | 179.19 | 204.21 | NOTE | |
r-devel-linux-x86_64-debian-gcc | 4.7.3 | 16.47 | 113.95 | 130.42 | NOTE | |
r-devel-linux-x86_64-fedora-clang | 4.7.3 | 316.37 | OK | |||
r-devel-linux-x86_64-fedora-gcc | 4.7.3 | 312.58 | OK | |||
r-devel-windows-x86_64 | 4.7.3 | 23.00 | 328.00 | 351.00 | NOTE | |
r-patched-linux-x86_64 | 4.7.3 | 36.15 | 171.03 | 207.18 | NOTE | |
r-release-linux-x86_64 | 4.7.3 | 18.04 | 172.20 | 190.24 | NOTE | |
r-release-macos-arm64 | 4.7.3 | 76.00 | OK | |||
r-release-macos-x86_64 | 4.7.3 | 163.00 | OK | |||
r-release-windows-x86_64 | 4.7.3 | 24.00 | 315.00 | 339.00 | NOTE | |
r-oldrel-macos-arm64 | 4.7.3 | 77.00 | OK | |||
r-oldrel-macos-x86_64 | 4.7.3 | 116.00 | OK | |||
r-oldrel-windows-x86_64 | 4.7.3 | 34.00 | 280.00 | 314.00 | OK |
Version: 4.7.3
Check: Rd cross-references
Result: NOTE
Found the following Rd file(s) with Rd \link{} targets missing package
anchors:
xpose.VPC.categorical.Rd: xyplot
Please provide package anchors for all Rd \link{} targets not in the
package itself and the base packages.
Flavors: r-devel-linux-x86_64-debian-clang, r-devel-linux-x86_64-debian-gcc, r-devel-windows-x86_64, r-patched-linux-x86_64, r-release-linux-x86_64, r-release-windows-x86_64