CRAN Package Check Results for Package xrnet

Last updated on 2025-07-17 04:54:57 CEST.

Flavor Version Tinstall Tcheck Ttotal Status Flags
r-devel-linux-x86_64-debian-clang 1.0.0 82.70 51.10 133.80 OK
r-devel-linux-x86_64-debian-gcc 1.0.0 72.04 44.74 116.78 OK
r-devel-linux-x86_64-fedora-clang 1.0.0 205.81 OK
r-devel-linux-x86_64-fedora-gcc 1.0.0 261.30 OK
r-devel-windows-x86_64 1.0.0 84.00 100.00 184.00 OK
r-patched-linux-x86_64 1.0.0 100.65 55.13 155.78 OK
r-release-linux-x86_64 1.0.0 94.74 54.68 149.42 OK
r-release-macos-arm64 1.0.0 65.00 OK
r-release-macos-x86_64 1.0.0 93.00 OK
r-release-windows-x86_64 1.0.0 89.00 102.00 191.00 OK
r-oldrel-macos-arm64 1.0.0 70.00 NOTE
r-oldrel-macos-x86_64 1.0.0 128.00 NOTE
r-oldrel-windows-x86_64 1.0.0 103.00 122.00 225.00 OK

Check Details

Version: 1.0.0
Check: installed package size
Result: NOTE installed size is 25.2Mb sub-directories of 1Mb or more: libs 24.7Mb Flavors: r-oldrel-macos-arm64, r-oldrel-macos-x86_64