Last updated on 2025-07-18 04:49:26 CEST.
Flavor | Version | Tinstall | Tcheck | Ttotal | Status | Flags |
---|---|---|---|---|---|---|
r-devel-linux-x86_64-debian-clang | 1.3.1 | 14.17 | 106.81 | 120.98 | NOTE | |
r-devel-linux-x86_64-debian-gcc | 1.3.1 | 9.48 | 76.27 | 85.75 | NOTE | |
r-devel-linux-x86_64-fedora-clang | 1.3.1 | 182.91 | OK | |||
r-devel-linux-x86_64-fedora-gcc | 1.3.1 | 172.24 | OK | |||
r-devel-windows-x86_64 | 1.3.1 | 16.00 | 106.00 | 122.00 | OK | |
r-patched-linux-x86_64 | 1.3.1 | 13.34 | 101.51 | 114.85 | OK | |
r-release-linux-x86_64 | 1.3.1 | 14.30 | 101.77 | 116.07 | OK | |
r-release-macos-arm64 | 1.3.1 | 49.00 | OK | |||
r-release-macos-x86_64 | 1.3.1 | 92.00 | OK | |||
r-release-windows-x86_64 | 1.3.1 | 15.00 | 105.00 | 120.00 | OK | |
r-oldrel-macos-arm64 | 1.3.1 | 52.00 | OK | |||
r-oldrel-macos-x86_64 | 1.3.1 | 72.00 | OK | |||
r-oldrel-windows-x86_64 | 1.3.1 | 20.00 | 141.00 | 161.00 | OK |
Version: 1.3.1
Check: CRAN incoming feasibility
Result: NOTE
Maintainer: ‘Emanuele Guidotti <emanuele.guidotti@hotmail.it>’
No Authors@R field in DESCRIPTION.
Please add one, modifying
Authors@R: c(person(given = c("YUIMA", "Project"),
family = "Team",
role = "aut"),
person(given = "Emanuele",
family = "Guidotti",
role = "cre",
email = "emanuele.guidotti@hotmail.it"))
as necessary.
Package CITATION file contains call(s) to old-style personList() or
as.personList(). Please use c() on person objects instead.
Package CITATION file contains call(s) to old-style citEntry(). Please
use bibentry() instead.
Flavors: r-devel-linux-x86_64-debian-clang, r-devel-linux-x86_64-debian-gcc