Last updated on 2025-07-17 04:54:57 CEST.
Flavor | Version | Tinstall | Tcheck | Ttotal | Status | Flags |
---|---|---|---|---|---|---|
r-devel-linux-x86_64-debian-clang | 0.1.0 | 3.92 | 79.10 | 83.02 | OK | |
r-devel-linux-x86_64-debian-gcc | 0.1.0 | 3.46 | 52.97 | 56.43 | OK | |
r-devel-linux-x86_64-fedora-clang | 0.1.0 | 124.23 | OK | |||
r-devel-linux-x86_64-fedora-gcc | 0.1.0 | 140.07 | OK | |||
r-devel-windows-x86_64 | 0.1.0 | 6.00 | 98.00 | 104.00 | OK | |
r-patched-linux-x86_64 | 0.1.0 | 4.58 | 72.20 | 76.78 | OK | |
r-release-linux-x86_64 | 0.1.0 | 3.82 | 72.18 | 76.00 | OK | |
r-release-macos-arm64 | 0.1.0 | 85.00 | OK | |||
r-release-macos-x86_64 | 0.1.0 | 124.00 | OK | |||
r-release-windows-x86_64 | 0.1.0 | 7.00 | 97.00 | 104.00 | OK | |
r-oldrel-macos-arm64 | 0.1.0 | 79.00 | NOTE | |||
r-oldrel-macos-x86_64 | 0.1.0 | 136.00 | NOTE | |||
r-oldrel-windows-x86_64 | 0.1.0 | 8.00 | 123.00 | 131.00 | NOTE |
Version: 0.1.0
Check: installed package size
Result: NOTE
installed size is 6.0Mb
sub-directories of 1Mb or more:
doc 5.2Mb
Flavors: r-oldrel-macos-arm64, r-oldrel-macos-x86_64, r-oldrel-windows-x86_64